 + 1451*y**2. Give w(10).
52
Let x(d) = -d**3 - 3*d**2 - 2*d - 1. Suppose c = 2*f - 427, 9*f + 5*c + 407 = 11*f. Let m = f - 218. Calculate x(m).
-1
Let f(o) be the third derivative of -2*o - 47*o**2 - 1/2*o**3 + 0 + 1/6*o**4. Determine f(-4).
-19
Let l(x) be the third derivative of x**6/80 + x**5/120 - 79*x**4/24 - 51*x**2. Let j(d) be the second derivative of l(d). What is j(-3)?
-26
Suppose 0 = -4*j + j + 33. Let x(u) = -7*u - 44. Let a(p) = -p - 5. Let k(c) = -6*a(c) + x(c). Give k(j).
-25
Let u(g) = -2*g. Let m be u(4). Let h(z) be the first derivative of z**4/24 - 5*z**3/3 - z**2 + 6. Let j(o) be the second derivative of h(o). Calculate j(m).
-18
Let r(f) = -f**2 + 42*f - 85. Suppose -6*q - 7*q + 0*q + 520 = 0. Give r(q).
-5
Let d(k) be the third derivative of k**6/120 - k**5/15 - 5*k**4/12 - 3*k**3/2 - 3323*k**2 - 2*k. Determine d(-4).
-97
Let n(f) = 7*f - 2 - 49*f**3 + 28*f**3 + 20*f**3 + 3*f**2 + 0. Let z be -1*(-1 - (-5)/(-1) - -1). Determine n(z).
-17
Let k(s) = -s + 14. Let t(f) = -5*f + 58. Suppose 0 = -2*b + 7 - 25. Let j(r) = b*k(r) + 2*t(r). Calculate j(-7).
-3
Let x(j) be the third derivative of j**8/20160 + j**7/1260 - j**6/180 - j**5/60 - 53*j**3/6 - 4*j**2 - j. Let g(s) be the third derivative of x(s). Give g(-4).
-4
Suppose 62166*q = 62189*q + 115. Let k(t) = -t**3 + 3*t**2 + 8*t + 10. What is k(q)?
170
Let j be ((-12)/18*15)/(-2). Let d(z) = 6*z**2 - 30*z + 4. Determine d(j).
4
Let l(c) be the first derivative of -16/3*c**3 - 20*c + 1/4*c**4 + 269 + 1/2*c**2. What is l(16)?
-4
Suppose -3*f + 7 + 14 = 0. Let c(u) = -u**2 + 6*u**2 + 8*u - f*u - 6*u**2 - 1. Let t(h) = -6*h**2 + 3*h - 3. Let n(w) = 3*c(w) - t(w). Give n(-1).
3
Let f(i) be the first derivative of 23 - 12*i + 7/2*i**2 - 8/3*i**3 - 1/4*i**4. Determine f(-9).
6
Let m(o) = -3*o + 17. Suppose -3*t = -2*z - 73, -4*t = -6*z + 5*z - 29. Let s(a) = -7*a - 280. Let g be s(z). What is m(g)?
-4
Let g(a) = 4*a**3 + 54*a**2 + 25*a - 13. Let t be g(-13). Suppose -15*x = -t*x + 45. Let l(n) = -3*n. What is l(x)?
9
Let x = 3664 + -3683. Let v(y) = y + 15. Give v(x).
-4
Let h(q) = -3*q + 3. Suppose -17*d + 3884 = -2491. Suppose 3 = 376*f - d*f. Determine h(f).
-6
Let m(p) = -15 + 37*p - 137*p + 36*p + 42*p. Determine m(-4).
73
Let c(v) = 19*v + 4. Let i(u) = 56*u + 11. Let f(j) = 11*c(j) - 4*i(j). Let b(d) = -2*d + 21. Suppose 214 - 44 = 17*k. Let a be b(k). Give f(a).
-15
Let k(u) = -u**3 - 10*u**2 - 20*u - 19. Let i be k(-8). Let q(y) = 2 + 4*y - y**2 + 10*y + 2 - 5 - 6. What is q(i)?
6
Let f(t) be the third derivative of 1/60*t**5 + 19*t**2 + 1/2*t**3 + 1/12*t**4 + 0*t + 0. Let g be (2/3)/(3/(-9)). Calculate f(g).
3
Let u(f) be the third derivative of -7*f**4/12 - 13*f**3/6 + 1974*f**2. Calculate u(-4).
43
Suppose 0 = -76567*f + 76582*f + 105. Let o(c) be the second derivative of -4*c**2 - c + c**3 + 1/12*c**4 + 0. Calculate o(f).
-1
Let p = 248 + -238. Let g(z) = z**3 - 3*z**2 - 70*z - 5. Calculate g(p).
-5
Let p(m) = 9*m**2 + 5*m - 10 + 3*m**2 - 3*m**2 + m**3 - 2*m**2 - 3*m. Give p(-6).
14
Let f = -18895 - -18896. Let r(a) = -80*a**3 + a**2 + 3*a - 3. Give r(f).
-79
Let t(k) = -3*k - 80. Suppose 81 - 2751 = 116*s + 346. Give t(s).
-2
Suppose -5*v - 3487 + 3497 = -5*r, 4*v + 4 = 0. Let b(g) be the second derivative of g + 0 + 0*g**3 - 1/4*g**4 - 1/20*g**5 + 1/2*g**2. What is b(r)?
1
Let c(j) = 5 + 13 + j**2 - 3 - 2*j - 11. Let b be c(0). Let f(h) be the second derivative of -h**3/3 + 5*h**2/2 + 3*h. Determine f(b).
-3
Let o(l) = 6*l + l + 0*l - 5 + 2*l**2 - 3*l. Let s(i) be the third derivative of -i**5/60 - i**4/24 + 4*i**3/3 + 49*i**2. Let v be s(3). Calculate o(v).
11
Let y(w) = w**3 + 11*w**2 + 37*w + 43. Let p be y(-6). Let z(d) = -d**2 + 2*d - 1. What is z(p)?
0
Let u(m) = -15*m + 21 - m**2 - 27 - 93 + 26 - 2. Give u(-9).
-21
Let a(k) = 44*k - 80. Let u(p) = -17*p + 29. Let r(t) = -3*a(t) - 8*u(t). What is r(2)?
16
Let a(o) = -o**3 + 8*o**2 - 5. Let h be a(8). Let t(m) = 12 + 44*m + 13 - 10 - 17 - 45*m. Give t(h).
3
Let x be 1*2*(508/8 + 2). Suppose x = 6*j - 7. Let y = j + -24. Let q(v) = 23*v**2 - 2*v - 1. Calculate q(y).
24
Let l(h) = h**2 + 22*h - 23. Let b = 3952 - 3974. Calculate l(b).
-23
Let u(v) = -13*v - 1. Let p be u(-2). Suppose 28*n = p*n + 21. Let o(q) = 30*q + q**2 - n + 0*q**2 - 26*q. Calculate o(-5).
-2
Let b(r) = -7*r + 37. Let x(v) = 496*v - 1972. Let p be x(4). Give b(p).
-47
Let p = -6026 - -6015. Let i(q) = -q**3 + 120*q. Calculate i(p).
11
Let p(j) be the third derivative of -j**4/24 - j**3/6 + 18*j**2 + 839*j. Let c = 2 - 5. Give p(c).
2
Let y(v) = 11*v**2 + 439*v - 46. Let g be y(-40). Let o(b) = -12*b - 11. What is o(g)?
61
Let k(x) = 156*x + 16. Let w(o) = -125*o - 16. Let f(p) = -4*k(p) - 5*w(p). Calculate f(-11).
5
Suppose q + 2*q - 6 = 0. Suppose q*o - 5*n = 22, -3*n + 3 = -5*o - 5*n. Let u(c) = -7*c**3 + c**2 - 2*c + 1. What is u(o)?
-7
Let y(w) = 15*w**2 + 6*w + 14. Let n = 629 - 635. Let x(i) = -7*i**2 - 2*i - 6. Let t(s) = n*y(s) - 13*x(s). Determine t(10).
-6
Let c(m) = -6*m + 9. Let y(j) = 10*j - 14. Let u(f) = -7*c(f) - 4*y(f). Give u(9).
11
Let a(q) be the first derivative of -q**3/3 + 14*q**2 - 111*q + 4676. Calculate a(5).
4
Let v = -38 - -36. Let g be 0 + -2 + v + 4. Suppose -2*a + 5*p + 11 = 0, g*a - 4*p + 5 = 3*a. Let l(t) = -2*t**3 + 4*t**2 + 4. Determine l(a).
-14
Let u(m) = -3*m + 5597 - 11226 + 5617 + 11*m. Calculate u(1).
-4
Suppose -2*u = -0*u + 12. Let p(j) be the third derivative of -j**5/60 - j**4/3 + 4*j**3/3 - 21021*j**2. Determine p(u).
20
Suppose -6*j = -9*j - 12. Let s be (j/7)/((-3)/(-63)*-6). Let f(k) = 2 + 3*k + 7 - 12*k - k**s + 2*k. Give f(-8).
1
Let v(c) = 2*c**2 - 36*c + 22. Let q(l) = -2*l**2 + 29*l - 19. Let n(k) = -6*q(k) - 5*v(k). What is n(-4)?
12
Let s(x) = -x**2 + 2*x - 3. Let n(d) = 2*d**2 - 3*d + 4. Let o(c) = -2*n(c) - 3*s(c). Suppose b + 3 - 9 = 0. Let a be 2 - b/(-3) - 2. Give o(a).
-3
Suppose 2*q = 3*q - 9. Let a(d) be the first derivative of -d**2 + 10*d + 21779. Give a(q).
-8
Suppose 3*s - 408 = -156. Suppose 5*h + 5 = 0, -2*t + s = -4*t - 4*h. Let x be (-32)/t - 24/(-20). Let j(o) = o**3 + 3*o - 2. Calculate j(x).
12
Let u(w) be the second derivative of -w**4/6 - 9*w**3/2 - 77*w**2/2 + 10*w - 9. Determine u(-9).
4
Let k be -8*(-9)/12*-1. Let q(c) be the first derivative of 7*c**2/2 + 7*c - 434. What is q(k)?
-35
Let n(s) = -24*s - 1. Let t(h) = -55*h - 2. Let v(g) = -7*n(g) + 3*t(g). Let d be 10/(-4)*(-16 + 12). Suppose 2*k = 3*l - d, -2*k = 2*l - k - 2. Give v(l).
7
Let h(d) be the second derivative of -19*d**7/840 + d**6/360 - d**5/60 + d**4/24 + 34*d**3 + d + 166. Let w(r) be the second derivative of h(r). What is w(1)?
-19
Suppose 4*c + 3*c = 308. Let g = c + -50. Let m be (g/(-9))/(160/84 + -2). Let i(f) = f**3 + 7*f**2 - 2. Give i(m).
-2
Let x(k) = 7*k - 17 + 18 - 5*k - 4*k - 6. Give x(10).
-25
Let s(v) = 44*v**2 + v - 1. Suppose -5*t - 4*p - 19 = 0, -2*t = -23*p + 22*p - 8. Give s(t).
44
Let s(j) = 4*j + 1. Let d(m) be the third derivative of m**4/8 + m**3/6 - 4*m**2. Let g be (-4920)/(-1320) - 3/(-11). Let x(q) = g*s(q) - 5*d(q). Give x(-3).
-4
Let d(x) = 3 - 55*x**2 - x**3 - 50*x**2 + 102*x**2. Calculate d(-3).
3
Let g(f) = 9*f**2 - 13*f + 113. Let d(x) = -16*x**2 + 25*x - 200. Let a(n) = 5*d(n) + 9*g(n). Let k(l) = -2*l. Let h be k(3). What is a(h)?
5
Let z(h) = 9*h + 50 - 25 + 55 + 93 - 15*h. Calculate z(29).
-1
Let f(i) = 3*i - 3. Suppose 0 = -5*b - 2*u + 112, -6*b = -4*b + 3*u - 36. Suppose 9*l - b = 6*l. Suppose 9*z + l = -19. What is f(z)?
-12
Let b be 990/(-396) - 18/4 - -9. Let l(i) = -6*i**2 + 5*i + 4. Let d(w) = 17*w**2 - 14*w - 12. Let q(y) = 4*d(y) + 11*l(y). Calculate q(b).
2
Let b(d) be the first derivative of -2*d**3/3 + d**2/2 + d + 1005. Give b(-1).
-2
Suppose 2*p - h - 175 = -5, -5*p = -4*h - 422. Let n = p - 87. Let q(w) = -13*w. Determine q(n).
13
Let h(o) = -o**3 + 10*o + 7. Let t(f) = -2*f**2 + f + 1. Let r(v) = -h(v) + 3*t(v). Let k(c) = -c - 2. Let y be k(-5). Suppose -y*s = -13 - 8. Calculate r(s).
-4
Let p(r) = -r**2. Let f(y) be the second derivative of 5*y**4/12 - 4*y**3/3 + 9*y**2/2 - 6*y + 1. Let h(q) = -f(q) - 4*p(q). Give h(8).
-9
Let u(q) = 24*q**2 + 10*q + 133. Let y(t) = 20*t**2 + 9*t + 111. Let d(c) = -4*u(c) + 5*y(c). Calculate d(-7).
184
